site number?
True
Suppose -2*d = 4*u - 22, 17*u + 2 = 16*u + d. Is (2/u*7121)/(170/255) composite?
False
Suppose 70*m - 5*w = 71*m - 4, -10 = -m + w. Let g(z) = 1471*z + 50. Is g(m) prime?
False
Let y(r) = 57*r**3 + r**2 + 9*r - 44. Let h be y(5). Suppose -k = -2*t + 13608, -2*t + 4*k + h = -6463. Is t composite?
False
Let w be (1 + -1)*(-16)/32. Suppose -5*p + w*p - 5*m = -22160, 0 = -3*p - m + 13296. Is (p - -3)/5*1 composite?
False
Let t be (5/3 + -1)/(11/(-33)). Is 443 + (-2)/t - (19 + -21) composite?
True
Is 2/(-6)*(-15 + -27702) a prime number?
True
Suppose 0 = a + 420 - 11377. Let n = -4215 + a. Is n composite?
True
Let p(w) = 73*w + 1. Suppose 2*t + 3*t - 5*q = 185, -2*t + 99 = 3*q. Suppose t*v - 43*v = -4. Is p(v) a composite number?
False
Is (-2304576)/(-11) - (-22)/242 a prime number?
False
Let v = -212439 - -321706. Is v a composite number?
False
Let g(o) = 11581*o**2 + 30*o + 57. Is g(-2) a prime number?
False
Suppose 329*k - 120657718 = -12557859. Is k prime?
False
Let t(n) = -3040*n + 783. Is t(-19) a composite number?
False
Let v(j) = 5*j**3 + 4*j**2 - 14*j + 5. Let k be v(8). Suppose 4*t - k = 1895. Is t prime?
True
Suppose 80*n = 49*n - 1006188 + 3797521. Is n composite?
True
Suppose -2*o + 1476041 = 7*x - 8*x, -4*o = -x - 2952079. Is o a prime number?
False
Suppose 5037704 = 58*h + 6*h - 8*h. Is h a prime number?
True
Let r = 688873 + -448550. Is r composite?
True
Let s(f) = -f**3 + 7*f**2 - 7*f - 4. Let a be s(6). Let y(p) = p**3 + 11*p**2 + 10*p + 2. Let h be y(a). Is (-14436)/(-48) + h/8 composite?
True
Let c(k) = 25*k**2 + 23*k - 261. Is c(-19) composite?
True
Suppose 4*d - 5*d = -22578. Suppose -4*i + d = 2*i. Let h = 5816 - i. Is h prime?
True
Suppose 490738 = 27*x - 658625. Is x a composite number?
False
Let i = -227 - -231. Suppose 4*x - 3*j - 12187 = 0, -8*x + 2*j = -i*x - 12190. Is x prime?
True
Suppose -g = y - 436857, 129*y - 873718 = 127*y - g. Is y a prime number?
False
Suppose 9*y - 2*y = 105. Let o be (10/y)/(2/1098). Let d = o - 221. Is d composite?
True
Let w be 9/(-6)*(5 - 1). Let k be (w/9)/(14/(-105)). Suppose k*g + 111 = -j + 1290, -2*g - 2*j + 478 = 0. Is g a prime number?
False
Suppose -357411 = 16*f - 2640563. Is f composite?
False
Let g(b) = -933*b**3 + 14*b**2 + 35*b + 11. Is g(-3) composite?
True
Suppose -3*b = 11083 - 11104. Let n be (2 - (-692)/(-6))*6. Let j = b - n. Is j a composite number?
True
Suppose -3*y = -8*y + 15. Suppose 5*b - 4*b = y. Suppose 1659 = -0*l + b*l. Is l a composite number?
True
Let a = -430 - -417. Is (a/4)/(14/(-4424)) a composite number?
True
Let z = -650824 - -988950. Is z prime?
False
Suppose -1090 + 131 = -7*x. Let d = -131 + x. Suppose -m = 2*p - d*p + 6556, -8195 = -5*p - 4*m. Is p a prime number?
False
Suppose 0*z - 12 = -4*z, -5*z + 11318 = x. Is x composite?
True
Let v = -104 - -241. Let h = 139 - v. Is (1/3*-3)/(h/(-1606)) a composite number?
True
Let m(k) = -3*k + 11. Let z = -72 + 75. Let v be m(z). Suppose v*n = w - 837, 0 = -3*w - w - 2*n + 3368. Is w a composite number?
True
Let c = -136071 - -611068. Is c a composite number?
True
Is 4564552/60 - -3 - (-68)/510 prime?
True
Let l(h) = h**2 - 2*h + 3. Let r be l(2). Suppose -4*v = r*d - 11170, -3*d + 1936 + 9225 = -5*v. Is d composite?
True
Is 46382 + 2*((-30)/12 + 2) composite?
False
Let v(n) = 7*n + 14. Suppose -4*r + 4*m - 32 = 0, 7 + 9 = -2*r - 2*m. Let o be v(r). Is (1255/2 - 1)*o/(-21) composite?
True
Suppose -25435 = 70*f - 214012 - 138533. Is f prime?
True
Let i(o) = o**2 + o + 13. Let d be i(-9). Let q = -108 - -106. Let r = d + q. Is r composite?
False
Let n(i) = -2*i + 9*i - 9 - 2 + i**3 + 19*i**2 + 8*i. Let s be ((-2)/(-3))/(6/(-144)). Is n(s) a prime number?
False
Suppose -2*z - 2967 = -5*l, 5*z - 3093 = -4*l - 726. Suppose 0 = -l*s + 584*s + 14679. Is s a composite number?
True
Suppose 3*a + 4*z = 626, 66*z - 208 = -a + 65*z. Let y = a + 45. Is y a prime number?
True
Let d be 3*(60/(-9) + 7). Is d/2*7/((-7)/(-1658)) a prime number?
True
Suppose -3*s - 3 = -0. Let y(n) = -n**2 - 3*n - 2. Let c be y(s). Suppose c = -4*b + 8*b - 1324. Is b composite?
False
Suppose 0 = -5*t + 2*b + 1313 - 3278, 406 = -t + 3*b. Let p = -1295 - t. Let q = p + 1323. Is q a prime number?
True
Let w(k) = -3*k - 2. Let n be w(-2). Suppose 0 = -4*c + 9*c - 10. Suppose 0 = -5*a + d + 1870, -c*a - n*d - 393 = -3*a. Is a prime?
True
Let t = 29 - 24. Suppose t = -3*i + 4*i. Suppose 0 = j - i*x - 319, 5*j - 4*x + 864 - 2501 = 0. Is j prime?
False
Suppose 932*c - 931*c = -5*d + 601391, -4*d + 3*c + 481090 = 0. Is d composite?
False
Let k = -582 + 2187. Suppose 0 = -2*f + f - 392. Let p = k + f. Is p composite?
False
Let c = -21 - 94. Let h = -111 - c. Let q(r) = 119*r**2 - 6*r + 27. Is q(h) prime?
True
Suppose 0 = -p + w - 8245, 4*w + 8240 = -p + 6*w. Let k = 91 - p. Is k a prime number?
False
Suppose 4*f + 5232 = -2*f. Let q = f + 1270. Suppose -4*d + g + 2*g = -549, q = 3*d - 5*g. Is d prime?
False
Suppose -16629 = -7*z + 5*z - 3*y, 4*y + 33288 = 4*z. Suppose 4*t = -3*i + 12778, 2*i - 196 - z = t. Is i a prime number?
False
Let a(r) = -149106*r - 133. Is a(-6) composite?
False
Let r = -97 + 86. Let w be (r/14 - 28/(-98))*-2604. Suppose 8*a - w = 2*a. Is a a prime number?
False
Let f = 1404 - 2311. Let l = 1602 + f. Is l a composite number?
True
Suppose a + 1 = 0, -5*i + 3*a = a - 17. Suppose -n + 59 = w - 46, i*n + 5*w = 325. Let d = 317 - n. Is d a composite number?
True
Let j(b) = -b**3 - 8*b**2 - 16*b + 5. Let u be j(-5). Suppose -u*k - 2*z = -15*k + 30041, 0 = -z - 3. Is k a composite number?
False
Suppose -34623 = -d + 2*p, -4*d - 2*p = -25761 - 112741. Let s = d + 10376. Is s a composite number?
True
Let q(a) = a**2 + 8*a + 13. Let j be q(-6). Is 3299 - j*(12 - 6) a prime number?
False
Suppose -4*s = 13*s - 22695. Let r = 1682 + s. Is r composite?
True
Let r(b) = 18183*b - 119. Is r(10) a prime number?
True
Is 30551*((-182)/13 - -15) a prime number?
False
Suppose -4*z = 68 - 32. Is ((-3)/(-2))/(z/(-19758)) a prime number?
False
Suppose -12 = -4*q + 12. Is (1 + (-12)/q)*-3793 a prime number?
True
Suppose -684307 = -3*b - s, -19 = 2*s - 27. Is b prime?
False
Suppose -5*u + 36 = 26. Suppose u*n - 11 = -3. Suppose a + 5*q - 2590 = -2*a, n*a - 5*q = 3465. Is a prime?
False
Let r(c) = -4226*c**3 + 5*c**2 + 4*c - 3. Let v be r(-2). Suppose -5*w + v = 2*w. Is w composite?
False
Let f = 15300 + -22271. Is 1*f/(1/(-1)) a composite number?
False
Let c(t) = 328*t**2 + 258*t + 92. Is c(21) composite?
True
Let a(n) = -n**2 - n - 1. Let m(j) = -j**3 - 15*j**2 + 10*j - 5. Let q(v) = 6*a(v) - m(v). Is q(20) composite?
False
Suppose 418 = 32*t - 13*t. Let y(v) = 8*v - 19. Is y(t) a prime number?
True
Let w(a) = 1 + 2*a**3 - 3 + 3*a**2 - 7*a**3 + 0*a + a. Let u = -24 - -21. Is w(u) prime?
True
Suppose 123*b - 20520860 + 2861627 = 0. Is b a prime number?
False
Let g be -1*12088*(3 - (-54)/(-24)). Let t = -4707 - g. Is t a prime number?
False
Let v(g) = 5*g + 44. Let f be v(-8). Suppose 8*y = f*y + 9100. Suppose 10091 = 5*i - 3*k - 1310, -2*k + y = i. Is i prime?
False
Let h(o) = 389*o**2 + 4*o - 3. Suppose 0 = -5*j + 10. Suppose 5*u = 2*u + 2*n - 2, -n = j*u - 8. Is h(u) prime?
False
Suppose 7*g - 3*g - 8 = 0. Suppose -3*k - 2*q - g*q = -6533, -k = 5*q - 2174. Is k a prime number?
True
Let a = -168884 - -241842. Is a composite?
True
Let q(n) = -n**3 + 11*n**2 - 8*n + 21. Let j(d) = -d**3 + 12*d**2 - 9*d + 21. Let y(c) = 2*j(c) - 3*q(c). Suppose -8*l = -4*l - 40. Is y(l) a composite number?
False
Let j be (15/(-3) - -2) + 3. Suppose j = 5*u + 5, -2*u + 1384 = 2*f - 12508. Is f prime?
True
Let i(u) be the first derivative of 31/3*u**3 + 7/2*u**2 - 3*u - 8. Is i(5) composite?
True
Let c(u) = -u**3 - u**2 - u + 3. Let d be c(0). Suppose d*z = 322 + 251. Suppose 0*r + r - z = 0. Is r a composite number?
False
Let x(p) = 108*p**2 + 3*p - 25. Let j be x(-6). Let h = -552 + j. Is h a prime number?
False
Let n = -28 - -30. Is 9168/96 + n/(-4) a prime number?
False
Let v(p) = -3745*p + 224. Let c be v(-17). Suppose -417*z - c = -424*z. Is z a prime number?
True
Let i(j) = 6*j + 20. Let u be i(-4). Is (3 + 4378/6)/(u/(-6)) composite?
True
Suppose -4*w = -6*w - 6. Let h be (w - (-50)/6) + (-8)/6. Suppose 3*t + 2735 = h*t - 3*q, 0 = -3*t - q + 818